
Suppose -2*j = -4*j - 2*n + 4200, 10493 = 5*j - 2*n. Is j composite?
False
Suppose -l + i = -3*l + 188, 467 = 5*l + i. Is (l - -3) + 1 - 2 a composite number?
True
Let z(y) be the first derivative of -y**4/4 - 2*y**3/3 + 2*y**2 + y - 4. Let g be z(-4). Suppose w + 9 = -3*w + 5*q, -g = -3*w - q. Is w prime?
False
Suppose 126 = 40*a - 38*a. Suppose d - 200 - a = 0. Is d a prime number?
True
Let d = 1614 + 296. Suppose -12*s - d = -14*s. Is s a composite number?
True
Is (-1856)/96*-57*(-1)/(-2) prime?
False
Let g(k) = 35 + 32 + 3*k - 63 + k**2. Let d = 6 + 0. Is g(d) composite?
True
Suppose 2*r + 174 = 5*g, 0 = -4*g - r + 154 - 7. Suppose -g*j + 33*j = -1143. Is j composite?
True
Suppose -6*c + c - 1045 = 0. Let a = -118 - c. Is a composite?
True
Is ((-69)/(-9))/(5/1515 - 0) composite?
True
Let i = -3455 - -10156. Is i prime?
True
Let z = 41 - 36. Suppose -z*h + 1365 + 160 = 0. Is h composite?
True
Let y be (3/2)/(3/124). Suppose 4*f + 4*l - 172 = 0, 2*l + y = 4*f - 110. Suppose 0 = -i + f + 426. Is i a composite number?
True
Let u(s) = 7*s**2 - 8*s + 7. Let d be u(1). Suppose z + 5*x = d*z - 570, -441 = -4*z - x. Is z composite?
True
Let f(i) = i**2 + 5*i + 8. Let l be f(-4). Suppose -l*n = -8*n - 21108. Is (-3)/18 - n/18 composite?
False
Let u(w) be the third derivative of -5*w**5/24 - w**4/12 + w**3 - 4*w**2. Let s(l) be the first derivative of u(l). Is s(-5) a prime number?
False
Let f(x) = 2*x**2 - 11*x - 10. Let w be f(7). Let t = w + -7. Suppose 5*p - 782 - 1258 = -5*z, -p + 423 = -t*z. Is p prime?
False
Let n(u) = -u + 7. Let a be n(5). Suppose -j + 793 = a*c, -2*c + 3*j - 394 = -3*c. Is c a prime number?
True
Let u be ((-879)/6)/((-2)/(-4)). Let h = -599 - u. Let w = 893 + h. Is w prime?
True
Suppose -122 + 134 = 4*f. Suppose 3*a = -0*a + 9. Suppose -4*g = f*p - 1630, a*g - 5*g - 5*p + 808 = 0. Is g prime?
True
Suppose 10458 = 12*s - 20154. Is s composite?
False
Is (-4422)/4*4/(-6) prime?
False
Let y(r) = r - 1. Let g(z) = -13*z + 8. Let i(f) = g(f) + 4*y(f). Is i(-7) a composite number?
False
Let o(p) = -619*p - 522. Is o(-21) a composite number?
True
Let q = -99 + 284. Suppose -2*m - 10 = -3*x + 2*m, -x - 2*m = 0. Is q/x*(-12)/(-10) prime?
False
Let o = 91 + 66. Is o composite?
False
Let i = -8 + 11. Suppose i*x - 2*m = 2*m + 21, 9 = -x - 4*m. Suppose c - 71 = 3*z, -2*c = -4*c + x*z + 154. Is c a composite number?
False
Let d(z) = 178*z - 7. Suppose 0 = -7*c + 6*c + 6. Is d(c) prime?
True
Suppose 0 = -3*u + 19 - 7. Suppose 0 = -u*v - 3*p + 72, 2*p - 26 - 71 = -5*v. Is (14/v)/((-2)/(-381)) a prime number?
True
Suppose -2*d + 8210 = 5*s, 4*s + 16476 = 4*d - 0*s. Is d a composite number?
True
Suppose -3*j = -3*r - 12, 0 = -0*j + 5*j + 3*r - 4. Let l(y) = -6 + y**3 + j*y - 3*y + 8*y**2 + y. Is l(-7) composite?
False
Let d(h) = 222*h + 130. Is d(4) composite?
True
Let t(f) = -f + 8. Let s be t(3). Suppose -s*r - 683 = -2053. Is r prime?
False
Let y be 90/4*(-10)/(-15). Let b(s) = 4 - 6*s - 5*s + 2*s**2 - 6*s - 22. Is b(y) composite?
True
Is (-58191)/(-8) - (-80)/640 prime?
False
Let o = -50 - -47. Is (-1)/o - (-4360)/15 composite?
True
Suppose 5*v - 7*a = -4*a + 23, 2*v + 3*a = 5. Suppose -v*z + 65 = -3*m, 4*m + 85 = 5*z - m. Is (-382)/3*(-21)/z a composite number?
False
Suppose 5001 = 6*m - 789. Let j = m + -480. Is j prime?
False
Let c = 2 - 2. Let v = 86 - 84. Suppose -1370 = -c*w - v*w. Is w a composite number?
True
Suppose -18 = -5*n - 6*r + 3*r, -3 = -2*n + 3*r. Is 21*((-290)/(-15) + n) a composite number?
True
Let x = 8498 - 2395. Is x prime?
False
Suppose 0 = -5*h + 9 + 16. Suppose h = v + 1. Suppose -3*p - v*f = -202, 2*p - f = -0*f + 153. Is p composite?
True
Is (19 + -18)/((-3)/(-25257)) a prime number?
True
Let v(x) = -116*x**2 + 5. Suppose -21 = -5*l + 2*l. Let y be v(l). Is 6/(-9)*y/6 a prime number?
True
Suppose -663 = -0*a - 3*a. Let d = 378 - a. Is d composite?
False
Let b(m) = -m**3 + 6*m**2 + 9*m - 20. Let r be b(9). Let j = -69 - r. Is j prime?
True
Let j = -18 - -38. Is 15/j*(11 - -1) a composite number?
True
Let q(d) = -d**3 + d**2 + 5*d - 5. Let c be q(2). Let i be ((1279 - 4)/5)/c. Suppose -2*u + 80 = -3*r + i, 4*r - 205 = -3*u. Is r prime?
False
Suppose -g = -0*g - 4. Suppose z + 99 = -3*i + 5*z, -5*i + g*z - 165 = 0. Let d = i - -122. Is d prime?
True
Let p = 188 + 259. Suppose 7*y - 2736 = -p. Is y prime?
False
Let t be 1/(-4) - 3/24*-1354. Let r = t + 152. Is r a prime number?
False
Let d(j) = 9*j**2 - 12*j - 11. Let r = 20 + -10. Is d(r) a composite number?
False
Let h = 212 - -739. Let q = h - -1570. Is q a prime number?
True
Let p(j) = -3*j**3 + 2*j**2 + 7*j - 5. Let o(t) = 5*t**3 - 3*t**2 - 13*t + 10. Let n(x) = 4*o(x) + 7*p(x). Let w be n(2). Is 2*w*(-796)/8 composite?
False
Let f = -2151 - -7609. Is f a composite number?
True
Let m be (-452)/12 + 3 + (-10)/(-15). Is (51/m)/((-3)/4106) prime?
True
Let l(f) = 232*f**2 + f + 2. Let h(a) = a**3 + a**2 + a - 1. Let m be h(0). Is l(m) prime?
True
Let d = 4 + -4. Let y(h) = 6*h + 9 + d*h + 4 + 5*h. Is y(6) a composite number?
False
Let j be (39/2)/((-6)/48). Let b be (-298)/3*(2 + 1). Let y = j - b. Is y prime?
False
Is ((-132)/(-8))/((-12)/(-664)) prime?
False
Let x(t) = -2*t**3 - 6*t**2 - 5*t + 1. Let h(k) be the first derivative of -3*k**2 + 2*k + 8. Let c be h(1). Is x(c) a composite number?
False
Let s = 987 + -1508. Let r(l) = 74*l - 20. Let a be r(12). Let i = s + a. Is i prime?
True
Let b = 736 + -605. Is b composite?
False
Suppose 3*n = 5*j + 14, -5 = -n - j - 3. Suppose -m - 875 = -4*m - 4*b, n*m = 3*b + 882. Is m prime?
True
Let i(l) = 3*l**3 - 4*l**2 - 137*l - 69. Is i(35) a composite number?
False
Let b = -4029 + 6660. Is b prime?
False
Suppose -336 = l - 5*v + 4*v, -4*v = -16. Let n = l + 3985. Is n prime?
False
Suppose -4*i - 2 + 10 = 0. Suppose i*n + 575 = -3*n. Let h = n - -444. Is h a composite number?
True
Let u(s) = -7 + 7 + 21*s + 98*s + 1. Is u(2) prime?
True
Suppose 1989568 = -44*d + 108*d. Is d a composite number?
True
Is -2 - ((-18)/3)/3 - -1657 prime?
True
Is 10661/1 + (-108)/27 prime?
True
Let c(x) = 12*x**2 - 5*x + 8. Let q be (12/(-9))/4*(1 + 20). Is c(q) a composite number?
False
Suppose 15638 = 6*o + 8*o. Is o a composite number?
False
Let m(k) = -8*k + 7. Let h be m(1). Is 2/(-3) - ((-5298)/9 - h) a prime number?
True
Let c(j) = -166*j**3 - j**2 + 2. Let d be c(-2). Suppose d = -8*i + 7*i. Is ((-8)/(-12))/((-4)/i) a composite number?
True
Is (-1 + 4 + -16604)/(5 + -6) a prime number?
False
Let i(y) = 36*y**3 - 10*y**2 + 4*y - 12. Is i(5) a prime number?
False
Let w(q) = -210*q + 48. Let n be w(4). Let d = n - -1499. Is d a prime number?
False
Let t = 1187 + -538. Is t a prime number?
False
Suppose 0 = -g + 5*b + 73, 3*g + 5*b - 149 = 150. Suppose -2*m = -487 - g. Suppose 10*q - m = 5*q. Is q composite?
True
Let t(r) = -r**3 - 2*r**2 + 14*r + 73. Is t(-16) a composite number?
False
Let y = 570 - -715. Is y composite?
True
Let t be 36/(-24)*(-2950)/1. Suppose -j + t + 4832 = 4*z, -3*j - 2*z = -27771. Is j prime?
True
Let f be (-6)/15 - 54/(-10). Let x be (4/f)/(3/(-15)). Let r(y) = -71*y + 9. Is r(x) a prime number?
True
Suppose 2 = i, 20*n - 279315 = 15*n - 5*i. Is n a composite number?
True
Let u = -932 + 3822. Let x = u + -1043. Is x prime?
True
Suppose -s - 3 = -1, 3*s - 54 = 4*g. Let d(m) = -37*m - 4. Is d(g) a prime number?
False
Let t be 3/(-5) - 34672/(-20). Suppose 4*h + o - t = 6*o, -434 = -h + o. Is h a composite number?
True
Suppose 0 = f + 5*r - 1178, -5*f + 0*f - 3*r + 5802 = 0. Let s be 3/(-7) - f/(-7). Suppose -4*a - 423 = -4*n + s, -n - 4*a + 157 = 0. Is n composite?
False
Let g(d) = 3*d**2 - 7*d - 10. Let r be g(6). Suppose -3*t - t = -r. Suppose 0 = -10*i + t*i - 2348. Is i prime?
True
Let p = -4449 + 8834. Is p a composite number?
True
Let j = -7 + 10. Let r(b) = 84*b**2 - b - 8. Is r(j) prime?
False
Let p be (-2)/(((-6)/(-4))/(-3)). Suppose -p*c - 12 = -0*c. Is 5 + c - (-45 - 0) prime?
True
Let f(x) be the third derivative of x**5/60 - x**4/12 - x**3/2 - 2*x**2. Let r be f(3). Suppose -3*p + 702 - 273 = r. Is p composite?
True
Let r be (4/(-5))/((-4)/(-10)). Is (-611)/r - 18/(-12) composite?
False
Let z = 1077 - 649. Let x be (4 + -7)/(6/z). Let u = 357 + x. Is u a composite number?
True
Let w(a) = 104*a + 3